?
4
Suppose -3*n = 4*n + 168. Let h = n - -38. What is the tens digit of h?
1
Suppose 0 = t + 1, -20 = 3*v + 17*t - 21*t. Suppose -2*r + 4*r - 144 = 0. Let w = v + r. What is the units digit of w?
4
Suppose 8 - 2 = 2*n. Suppose l = -3*i + 230, -n*l - 60 = -5*i + 4*i. What is the units digit of i?
5
Suppose 13 - 3 = 5*u. Let z be 2 - (-1 + 1 + u). Suppose w - 26 = -z*w. What is the tens digit of w?
2
Suppose 20 = 2*a + 3*a. What is the units digit of 425/(1 + a) - (-2 - -2)?
5
Let l = 2029 - 665. What is the thousands digit of l?
1
What is the tens digit of -3 + (-5328)/(8 + -11)?
7
Let f(o) = o**3 - 10*o**2 - 10*o - 9. Let n be f(11). Suppose -4 = -2*v, 2*x + 3*x = n*v + 236. What is the tens digit of x?
4
Suppose 18*t = -4*g + 19*t + 5259, 3*g = t + 3943. What is the units digit of g?
6
Suppose 230 = -0*i + 2*i. Suppose i = u + 4*u. What is the units digit of u?
3
Let a = -1254 + 2768. What is the thousands digit of a?
1
Let g(b) = -3*b - 4. Let h be g(-8). Let t = 10 + h. Suppose i + 2*i = t. What is the units digit of i?
0
Let n(f) = -f**3 - 6*f**2 + 2*f**3 - 4 - 4*f - 2*f**3. Suppose -14*v + 22 = -19*v - 2*g, 3*v = -5*g + 2. What is the tens digit of n(v)?
2
Suppose 9*a - 8197 - 1793 = 0. What is the units digit of a?
0
Let l(n) = -264*n - 24. What is the hundreds digit of l(-3)?
7
Suppose 0 = 108*q - 84518 - 380206. What is the tens digit of q?
0
Suppose -4*r + 13 - 1 = 0. Suppose 2*m - 1 = -r. What is the tens digit of (-4 + m)*(-28)/7?
2
Let h(d) be the second derivative of d**5/10 - 5*d**4/12 - d**3/6 - 3*d**2/2 - 2*d. Let r be h(4). Let a = 58 - r. What is the tens digit of a?
1
Let i(s) = 10*s**2 + 3*s - 9. Let m be i(3). Suppose 2*b + 4*k - k = 98, m = 2*b + 5*k. What is the tens digit of b?
5
Let k(h) = -h**3 + 14*h**2 + h - 9. Let o(r) = 15*r**2 - 1. Let d be -1 - 4*-1 - 2. Let c be o(d). What is the units digit of k(c)?
5
Let d = 47 + -123. What is the units digit of (d/10)/(((-6)/15)/2)?
8
Let w = 39 + -31. Suppose 0 = l - 13 + w. What is the units digit of l?
5
Suppose -3*m + 710 = -5*z, -3*m - 4*z = -z - 702. Suppose g = -g - 4*y + 84, -5*y = 5*g - m. What is the tens digit of g?
5
Suppose -55 = -2*d - 9. Let h = -19 + d. What is the units digit of h?
4
Let h = 625 - -140. What is the hundreds digit of h?
7
Let z = 249 - -129. What is the units digit of z?
8
Let i be (-12)/3 - -13 - 2. Suppose -8*c + i*c = -113. What is the hundreds digit of c?
1
Suppose 3*s = 2*a - 475, 3*a + 26 - 713 = -4*s. Let q = -97 + a. What is the tens digit of q?
3
Let h be 4/1 + 2*-1. Suppose h*z = -0*z + 170. What is the units digit of z?
5
What is the units digit of (5/3 + 1)/((-248)/(-272676))?
2
Suppose 3*r + 4*i - 12 = r, -2*i + 12 = 4*r. Suppose 117 = r*z - 39. What is the units digit of z?
8
Let l = 4869 + -1362. What is the units digit of l?
7
Let o = 1152 - 473. What is the units digit of o?
9
Suppose 4*a + 21 = -3. Let u(f) = -f - 7. Let h be u(-4). What is the units digit of (h/a)/((-3)/(-6))?
1
What is the tens digit of 12/60 + -4*1007/(-10)?
0
Let z(v) = -27*v + 3. Let l be z(-7). Suppose y = 4*y - l. Suppose -5*p + 11 = -y. What is the tens digit of p?
1
Suppose 17 = -2*j + 5*w, 2*w = 5 + 5. Suppose 215 = j*v - 249. What is the tens digit of v?
1
Let r(f) = -f**3 - 4*f**2 - f + 70. What is the units digit of r(-9)?
4
Let z(u) = 5*u**2 - 70. What is the hundreds digit of z(11)?
5
Let m(d) = -d**3 - 6*d**2 + 11*d + 3. Let v be m(-8). Let x = v - -31. What is the tens digit of x?
7
Let h = 6014 + -2651. What is the hundreds digit of h?
3
What is the tens digit of (-11)/(-99)*3 - 1760/(-3)?
8
Let x = 341 - 235. Let d = 186 - x. What is the units digit of d?
0
Suppose 3*z - 3359 = -5*d + 309, 3*d + 2*z = 2200. What is the units digit of d?
6
Let s = 99 - 155. Let t = -37 - s. What is the units digit of t?
9
Suppose 4*a - 4*w = 1948, 5*a + 4*w - 366 = 2042. Suppose -a - 34 = -5*m + 4*b, -2*m + b = -209. Suppose j - m = -j. What is the units digit of j?
3
Suppose -5*l + l - 14 = 3*g, -4*g = -5*l + 29. What is the tens digit of 209/3 - -4*g/36?
6
Let o = 17 - 27. Let d be ((-35)/o)/((-3)/6). What is the units digit of (d/14)/(1/(-100))?
0
Suppose 0 = -3*t - 2*v + 14, -6*t + 4*v + 12 = -2*t. What is the tens digit of (-2)/(t/(-417)) - 42/28?
0
Let g be (4 + -37)*13/(-3). Let o = g - 77. What is the tens digit of o?
6
Suppose 0 = -27*v - 4050 + 85104. What is the tens digit of v?
0
Let z(m) = m**3 + m**2 + 10. Let a be z(0). What is the tens digit of (-25)/a*(-58)/5?
2
What is the units digit of 1/4 + 168903/196?
2
Let g(f) = -12*f + 16. Let p be g(-4). Let r = 47 + p. What is the hundreds digit of r?
1
Let c be (-2)/8 + 0 + (-7202)/(-8). Suppose -20*f = -16*f - c. What is the tens digit of f?
2
Suppose 0 = 5*f + 36 - 311. Let j = f - 31. Let w = j - 13. What is the tens digit of w?
1
Let w be 56/(-21)*1*-3. Let c = -3 + w. Suppose -g + 55 = -c*z, -3*g + 5*z = 2*g - 255. What is the tens digit of g?
5
What is the thousands digit of (-3 + 5)/((-8)/(-11056))?
2
Let f = -5068 - -7226. What is the tens digit of f?
5
Let u = -69 - -74. What is the units digit of u?
5
Suppose -4*v = -0*v - 432. Suppose n = -4*d + v, -2*d + 82 - 34 = -n. What is the tens digit of d?
2
Let h be -4 + (9 - (4 - 2)). Suppose 16 + 8 = h*l. Let c(s) = s**3 - 7*s**2 - 7*s + 3. What is the units digit of c(l)?
1
Let j = -129 - 154. Let z = j - -424. What is the tens digit of z?
4
Let z = 49 - 35. Suppose -m - m + z = 0. What is the units digit of m?
7
Let w(i) = 4*i + 12. Let b be w(-2). Suppose 2*v + b = 0, 406 + 26 = 4*d + 4*v. What is the tens digit of d?
1
Let m(c) = -31*c - 93. What is the tens digit of m(-23)?
2
Suppose -2*b - b + 9 = 0, -3*b + 1 = -4*y. Suppose -8 = -2*a + y. Suppose a*z = 3 + 7. What is the units digit of z?
2
Suppose 3*o + n - 106 = 0, 0 = -o - n + 10 + 24. What is the units digit of (o/15)/((-9)/(-120))?
2
Suppose 0 = -2*i + 2, -108*g + 2747 = -103*g + 2*i. What is the units digit of g?
9
Let f(t) = 2*t**2 - 47*t + 115. What is the tens digit of f(29)?
3
Let s(v) = -v**2 + 5*v - 1. Let d be s(3). Suppose 3*h - 5*c - 271 = 0, -7*h + 2*h + 385 = d*c. Suppose 26 = 4*x - h. What is the tens digit of x?
2
Let y(c) be the first derivative of c**3 - 5*c**2 - 18*c - 39. What is the units digit of y(-7)?
9
Let d = 28 - 25. Suppose -14 = -d*a + 31. What is the tens digit of a?
1
Suppose -3*a - 56 = 4*z + a, 0 = -4*z + 2*a - 62. Let y be (-55)/(-25) - (-3)/z. Suppose 5*r = -2*w + 272, 0 = y*w + 2*w - 4. What is the tens digit of r?
5
Let l = 587 + 154. What is the hundreds digit of l?
7
Suppose -249 = -9*x + 237. What is the tens digit of x?
5
Let a(w) = -w**3 + 13*w**2 + 5. Let b be a(13). What is the units digit of 95*b*26/65?
0
Let q = -5693 - -9685. What is the units digit of q?
2
Suppose 23*l = 19*l. What is the units digit of 628/(-10)*((-15)/6 + l)?
7
Suppose -3*m + 4*h + 958 = 0, -m - 50*h + 45*h + 313 = 0. What is the units digit of m?
8
Suppose -2*o + 111 = -o. Suppose 3*d + 3*v = o, -3*d + d + v = -77. Let x = d + -21. What is the tens digit of x?
1
Let u = -24 + 26. Let y(z) = 24*z**2 + 3*z - 2. What is the units digit of y(u)?
0
Suppose 7*y + 4*f - 2561 = 6*y, 5*y + 4*f = 12741. What is the hundreds digit of y?
5
Suppose -13*t = -7219 - 6483. What is the hundreds digit of t?
0
Suppose 5*u - 284 - 1971 = 0. Suppose 5*z - u = 4*p - 7*p, -z - 4 = 0. What is the tens digit of p?
5
Let t(g) = -68*g**3 - 3*g**2 - g + 5. What is the tens digit of t(-2)?
3
Let a = -1 - -3. Let p(n) = 30*n - 4. Let j(t) = -15*t + 2. Let z(q) = 7*j(q) + 4*p(q). What is the tens digit of z(a)?
2
Suppose -13*z = -16*z + 3153. What is the hundreds digit of z?
0
Suppose 0 = 20*c - 15*c - 165. What is the tens digit of c?
3
Let n = 133 + -37. Suppose 6*a - n = 3*a. What is the units digit of a?
2
Suppose 0 = u - 3*r - 707, u - 890 = -r - 195. What is the hundreds digit of u?
6
Let l = -1 + 1. Suppose l = 4*p + 3*y + 17, -4*p - 4*y - 11 = -3*y. What is the units digit of -2 + p + 3 - -3?
2
Suppose 10*q = 5*q + 1080. Suppose -3*j = -5*r - j + 206, -5*r - 3*j + q = 0. What is the units digit of r?
2
Suppose -5*p - 96 = -31. Let j = 2 + p. Let r = 28 + j. What is the units digit of r?
7
Suppose 2*u - 2*q - 43 - 785 = 0, q = 4. What is the tens digit of u?
1
Suppose -30709 = -37*s